e 4, what is 211 - 13?
132
In base 16, what is -3 + c9a?
c97
In base 15, what is 2b + -1?
2a
In base 15, what is -c + 20?
13
In base 14, what is -13 + 6?
-b
In base 10, what is 2 - -517?
519
In base 8, what is -37 - -10?
-27
In base 11, what is 43 + 7a?
112
In base 11, what is -2 - 145?
-147
In base 16, what is 3e + f?
4d
In base 7, what is 3 - -1102?
1105
In base 15, what is -1 + 1e9?
1e8
In base 5, what is -3 - 21023?
-21031
In base 3, what is 1 - 220?
-212
In base 11, what is -178 - 2?
-17a
In base 7, what is 53 + -6?
44
In base 12, what is 629 + -3?
626
In base 12, what is -12 + -98?
-aa
In base 3, what is -12 - -1?
-11
In base 2, what is -1000 + -11100001?
-11101001
In base 14, what is 3c - -5?
43
In base 10, what is -5 + 625?
620
In base 10, what is -145 + 1?
-144
In base 14, what is 28a + -4?
286
In base 15, what is 3 - 138?
-135
In base 16, what is -30f - 9?
-318
In base 2, what is -10100100 + 101?
-10011111
In base 5, what is 24422 - 1?
24421
In base 16, what is 2b4 + -6?
2ae
In base 11, what is 121 + -6?
116
In base 7, what is -46522 - 3?
-46525
In base 12, what is -1175 - 5?
-117a
In base 11, what is 8a77 + -3?
8a74
In base 12, what is -2 + -701?
-703
In base 16, what is 5 + -45?
-40
In base 10, what is 46 + 2?
48
In base 8, what is 1635 + 2?
1637
In base 15, what is -13 + -40?
-53
In base 11, what is -50 - -6?
-45
In base 14, what is -8 - -c6?
bc
In base 14, what is 63 + -7?
5a
In base 4, what is -223111 - 3?
-223120
In base 6, what is 251 + -14?
233
In base 9, what is 10 + -105?
-85
In base 6, what is 1020 + 5?
1025
In base 15, what is dc + 3?
e0
In base 16, what is -1069 - -5?
-1064
In base 5, what is -233 + -10?
-243
In base 11, what is -5 - -65?
60
In base 13, what is 4 - 8aa?
-8a6
In base 5, what is -21 - -34?
13
In base 2, what is -10 - 11?
-101
In base 14, what is 7 - 18a?
-183
In base 7, what is 503 + 3?
506
In base 4, what is 13 + -21021?
-21002
In base 6, what is -4133 - 1?
-4134
In base 3, what is 201 + 102210?
110111
In base 13, what is b1 + -22?
8c
In base 15, what is 2 + -4c5?
-4c3
In base 7, what is -62 + -101?
-163
In base 7, what is -56 - -102?
13
In base 13, what is -2 + 286b?
2869
In base 12, what is -31 - 10?
-41
In base 5, what is -12 + 4403?
4341
In base 13, what is -4 + 1b?
17
In base 13, what is 344 - 3?
341
In base 12, what is 4 + 59b?
5a3
In base 13, what is 4 + -1b6?
-1b2
In base 11, what is 49 - 4?
45
In base 3, what is -11202110 + -12?
-11202122
In base 7, what is 51 - -1?
52
In base 11, what is -6 - 102?
-108
In base 13, what is 5 + 29?
31
In base 15, what is -20 - 24?
-44
In base 2, what is -10 - -10100110?
10100100
In base 11, what is -5 + 3a4?
39a
In base 3, what is 1200 + -1120?
10
In base 6, what is 241 - 4?
233
In base 2, what is 111110011001 + -1?
111110011000
In base 3, what is -100 + 212?
112
In base 6, what is -5 - 1310?
-1315
In base 15, what is -2 + 52?
50
In base 5, what is -101 + -12?
-113
In base 10, what is -3 + 6396?
6393
In base 3, what is -10 + -100111?
-100121
In base 8, what is -2 + -14635?
-14637
In base 5, what is 3 - 1234?
-1231
In base 13, what is 1873 + -5?
186b
In base 3, what is 21101 + -1100?
20001
In base 11, what is 4 - -3?
7
In base 8, what is -257 - -4?
-253
In base 7, what is -226 - -4?
-222
In base 15, what is 14d + 0?
14d
In base 8, what is 10 - -3717?
3727
In base 16, what is 1 - d3?
-d2
In base 14, what is -3 - 679?
-67c
In base 14, what is -3 - 51?
-54
In base 10, what is 9 - -35?
44
In base 5, what is -424 - -110?
-314
In base 15, what is -3b7 - -1?
-3b6
In base 14, what is a + -47b?
-471
In base 9, what is 2107 + 10?
2117
In base 4, what is 231 - -2?
233
In base 14, what is 0 - -5c?
5c
In base 6, what is -322 - -2?
-320
In base 11, what is -2a43 - 4?
-2a47
In base 6, what is -43252 - -2?
-43250
In base 4, what is -13 - -1302?
1223
In base 12, what is 55 + 3?
58
In base 7, what is 6 + -263?
-254
In base 3, what is 20 - -2120?
2210
In base 9, what is 126 + 3?
130
In base 8, what is 15 - 332?
-315
In base 10, what is 6 + -6?
0
In base 5, what is 220 + -4?
211
In base 16, what is 5 - 63?
-5e
In base 6, what is 104 + 10?
114
In base 14, what is -3 + -2c?
-31
In base 11, what is -790 - -8?
-783
In base 10, what is -4 + 3516?
3512
In base 5, what is -132 + -21?
-203
In base 3, what is 101 + -110?
-2
In base 8, what is 2773 + 5?
3000
In base 2, what is -10101100111 + -101?
-10101101100
In base 13, what is -75 + -3?
-78
In base 15, what is 1 + -54?
-53
In base 15, what is -2 + 26?
24
In base 11, what is -49 + -72?
-110
In base 16, what is 4 + -fd?
-f9
In base 7, what is 61 + 164?
255
In base 4, what is 0 - 13?
-13
In base 4, what is 122103 - 0?
122103
In base 10, what is -258 + 1?
-257
In base 5, what is 0 - 3102?
-3102
In base 16, what is -101 + -1?
-102
In base 12, what is -5 + -b?
-14
In base 15, what is 5 + 40d?
413
In base 14, what is a2 - -3b?
dd
In base 7, what is -15 - 11?
-26
In base 14, what is -43d - 2?
-441
In base 15, what is 62 + 4?
66
In base 12, what is -1 + -20?
-21
In base 12, what is -3a - -2?
-38
In base 6, what is 2 + 21231?
21233
In base 4, what is -100 + -113?
-213
In base 8, what is 37 + -514?
-455
In base 4, what is 31 + -303?
-212
In base 5, what is 21 - -1112?
1133
In base 9, what is -26 + 31?
4
In base 2, what is 11100 + -10011?
1001
In base 3, what is -12 - 1102200?
-1102212
In base 11, what is -1096 - 0?
-1096
In base 7, what is -3 - 30145?
-30151
In base 11, what is -16 + -21?
-37
In base 5, what is 10 + 11212?
11222
In base 4, what is 10 - 2201?
-2131
In base 7, what is -3 + -3551?
-3554
In base 13, what is -20 - -4?
-19
In base 13, what is -83 - 5?
-88
In base 11, what is -30 + -140?
-170
In base 4, what is -2 - 2110?
-2112
In base 3, what is -20212 + 12?
-20200
In base 9, what is -27 + 156?
128
In base 12, what is 7 + -61?
-56
In base 9, what is 1382 + 4?
1386
In base 5, what is 10 + 1444?
2004
In base 9, what is -6 + 14?
7
In base 3, what is -10 + -11011?
-11021
In base 7, what is 55 + -3?
52
In base 13, what is 1 - 838?
-837
In base 5, what is -3 - 144?
-202
In base 4, what is -21010 + 3?
-21001
In base 11, what is 56 - 20?
36
In base 15, what is -161 + 26?
-13a
In base 6, what is 1124 + -5?
1115
In base 13, what is -3 + -3468?
-346b
In base 14, what is -30 + -8?
-38
In base 3, what is -12 + -101111?
-101200
In base 16, what is -2e9 - -4?
-2e5
In base 9, what is -2055 - 4?
-2060
In base 6, what is 2131 - 5?
2122
In base 14, what is -18 + -2?
-1a
In base 14, what is -2ac + 53?
-259
In base 11, what is 13 + 11?
24
In base 15, what is -d - -19?
b
In base 13, what is 6 + -37?
-31
In base 3, what is 21111112 - 0?
21111112
In base 4, what is 1201 + 20?
1221
In base 2, what is 100100 + -100?
100000
In base 10, what is -13 + -61?
-74
In base 11, what is 3137 - 2?
3135
In base 13, what is 5 + 1b5?
1ba
In base 14, what is -1 + 7a?
79
In base 6, what is 1 + 453?
454
In base 9, what is -35 + 1310?
1264
In base 3, what is 2112202 + 0?
2112202
In base 4, what is 2 - 10201?
-10133
In base 16, what is -118 + -1?
-119
In base 4, what is -30 - 101?
-131
In base 9, what is 556 + -1?
555
In base 11, what is 3 + -91?
-89
In base 15, what is 157 + -7?
150
In base 11, what is 0 + -254?
-254
In base 6, what is -4 - 5304?
-5312
In base 16, what is 3ee - 1?
3ed
In base 3, what is 10 + 22020?
22100
In base 10, what is -1103 - -2?
-1101
In base 3, what is -12212 - 0?
-12212
In base 15, what is b - -1?
c
In base 13, what is 8 + 264?
26c
In base 11, what is -74 + -5?
-79
In base 15, what is 8 + -c3?
-ba
In base 10, what is -5 + -423?
-428
In base 11, what is 1506 + 0?
1506
In base 12, what is -a5 - 69?
-152
In base 9, what is 18 + 14?
33
In base 11, what is -33 - -34?
1
In base 12, what is 90 + -3?
89
In base 9, what is -2 + -40?
-42
In base 14, what is 4c + -3?
49
In base 6, what is -544051 - 1?
-544052
In base 6, what is -10 - -35?
25
In base 12, what is 61 - -a?
6b
In base 12, what is -3 + 2868?
2865
In base 2, what is 100110 + -11?
100011
In base 4, what is -3213 - 0?
-3213
In base 11, what is 8 - -1a?
27
In base 2, what is -1 + -11000101110?
-11000101111
In base 10, what is 1000 - -12?
1012
In base 15, what is 1 + -65?
-64
In base 14, what is 0 - 16?
-16
In base 3, what is -21201 - -201?
-21000
In base 12, what is -36 + -4?
-3a
In base 4, what is -220203 